highest common divisor of 911370 and 255.
255
Calculate the highest common divisor of 804 and 721724.
268
Calculate the greatest common factor of 228 and 7953.
3
What is the greatest common divisor of 27 and 8829?
27
What is the greatest common factor of 11264 and 13376?
704
Calculate the greatest common divisor of 371709 and 13.
13
Calculate the highest common factor of 50025 and 35525.
725
Calculate the highest common divisor of 322 and 46214.
14
Calculate the greatest common divisor of 893 and 2867.
47
Calculate the greatest common factor of 9372199 and 31.
31
Calculate the greatest common divisor of 379566 and 1944.
486
Calculate the highest common divisor of 20280 and 3300.
60
What is the highest common factor of 30104 and 1272?
424
Calculate the greatest common factor of 279879 and 174.
87
What is the highest common divisor of 1503 and 288?
9
What is the greatest common divisor of 1081509 and 1287?
429
Calculate the highest common factor of 101637 and 621.
207
What is the greatest common divisor of 3444 and 2240?
28
What is the greatest common divisor of 7157 and 289?
17
Calculate the highest common divisor of 81090 and 3825.
765
What is the greatest common divisor of 95871 and 36?
3
What is the greatest common divisor of 36 and 349956?
36
Calculate the greatest common factor of 176 and 19382.
22
Calculate the greatest common divisor of 4464 and 156528.
144
Calculate the greatest common divisor of 56758 and 442.
26
What is the highest common factor of 12175 and 151457?
487
Calculate the highest common divisor of 92 and 8758124.
92
Calculate the greatest common factor of 7658 and 429942.
1094
What is the highest common factor of 240 and 586800?
240
Calculate the highest common factor of 49216 and 960.
64
What is the greatest common divisor of 5076 and 752?
188
Calculate the highest common divisor of 368 and 892768.
368
What is the greatest common divisor of 4808 and 777694?
1202
What is the highest common factor of 602 and 15136?
86
Calculate the greatest common factor of 252 and 45206.
14
Calculate the greatest common divisor of 11040 and 161.
23
Calculate the greatest common divisor of 1230865 and 5.
5
Calculate the highest common factor of 12900 and 3300.
300
Calculate the greatest common factor of 9 and 683.
1
Calculate the greatest common factor of 5950 and 17970.
10
Calculate the greatest common factor of 159357 and 132.
33
Calculate the highest common factor of 55232 and 40.
8
What is the highest common divisor of 128757 and 33?
3
What is the highest common divisor of 742274 and 26?
26
What is the highest common factor of 80715 and 60?
15
What is the greatest common factor of 12441 and 67628?
319
Calculate the highest common factor of 36049 and 376.
47
What is the greatest common divisor of 2 and 22627?
1
What is the highest common divisor of 1885 and 94315?
65
What is the greatest common factor of 20400 and 108630?
510
Calculate the highest common factor of 124368 and 192.
48
What is the greatest common factor of 10742 and 84214?
82
What is the highest common divisor of 1011 and 267?
3
What is the greatest common factor of 632 and 6856?
8
What is the highest common factor of 230096 and 4088?
584
Calculate the greatest common divisor of 117289 and 53.
53
What is the highest common factor of 57692 and 4?
4
Calculate the highest common divisor of 50406 and 9114.
186
What is the greatest common divisor of 11661 and 6591?
507
What is the highest common divisor of 370 and 192190?
10
What is the greatest common factor of 396798 and 246?
246
What is the highest common factor of 3409989 and 33?
33
Calculate the greatest common factor of 1971 and 2943.
27
What is the greatest common factor of 135 and 701703?
27
Calculate the highest common factor of 21488 and 84688.
1264
What is the greatest common divisor of 296 and 25234?
74
Calculate the highest common divisor of 47705 and 188.
47
What is the greatest common factor of 278040 and 14?
14
Calculate the greatest common divisor of 60 and 542172.
12
Calculate the highest common divisor of 228075 and 3.
3
Calculate the highest common divisor of 18873 and 288.
9
Calculate the highest common divisor of 75 and 1338.
3
What is the highest common factor of 5763 and 1020?
51
What is the greatest common divisor of 268657 and 3973?
137
What is the highest common divisor of 82 and 408278?
82
Calculate the greatest common factor of 355 and 20164.
71
What is the highest common divisor of 18084 and 613212?
1644
What is the greatest common divisor of 39852 and 24?
12
Calculate the greatest common factor of 1872 and 825136.
208
Calculate the greatest common divisor of 84 and 174972.
84
What is the greatest common factor of 718030 and 590?
590
What is the highest common factor of 672951 and 9?
3
Calculate the highest common factor of 64 and 1186496.
64
What is the highest common divisor of 90 and 237630?
30
What is the highest common divisor of 5139 and 1341?
9
Calculate the highest common divisor of 471460 and 40.
20
Calculate the greatest common factor of 14 and 108689.
7
What is the greatest common divisor of 73864 and 13580?
28
What is the greatest common divisor of 52 and 3023956?
52
What is the highest common factor of 2645 and 7195?
5
Calculate the greatest common factor of 318922 and 3620.
362
What is the greatest common factor of 3077205 and 1355?
1355
Calculate the highest common divisor of 693 and 34452.
99
Calculate the highest common factor of 115 and 17555555.
115
What is the greatest common factor of 223542 and 3663?
99
What is the highest common divisor of 253 and 12443552?
253
What is the highest common divisor of 142395 and 22?
11
What is the greatest common factor of 37 and 1161?
1
What is the highest common divisor of 18 and 2843163?
9
What is the greatest common factor of 30551 and 15164?
223
What is the highest common divisor of 626 and 531?
1
What is the highest common factor of 268 and 996?
4
Calculate the greatest common divisor of 380 and 3116.
76
What is the greatest common factor of 1295 and 154805?
35
Calculate the highest common divisor of 8885 and 45.
5
What is the highest common divisor of 541 and 1643017?
541
Calculate the highest common factor of 1930 and 20580.
10
Calculate the highest common divisor of 225045 and 3.
3
What is the highest common divisor of 3953 and 6499?
67
What is the highest common divisor of 28413 and 126?
63
Calculate the highest common factor of 4485 and 5635.
115
What is the greatest common factor of 37 and 34003?
37
Calculate the greatest common divisor of 6623 and 999.
37
Calculate the greatest common factor of 1125 and 78075.
225
What is the highest common factor of 1590 and 189330?
30
Calculate the highest common factor of 607777 and 239.
239
Calculate the greatest common divisor of 1003 and 388574.
59
What is the greatest common factor of 157036 and 129?
43
What is the greatest common divisor of 519893 and 11?
11
What is the highest common divisor of 2422 and 47402?
346
Calculate the highest common factor of 900 and 1510.
10
What is the greatest common divisor of 273 and 357?
21
Calculate the greatest common divisor of 91 and 918307.
13
Calculate the greatest common factor of 324310 and 3157.
287
What is the greatest common divisor of 377776 and 112?
112
Calculate the greatest common divisor of 16180 and 100.
20
What is the highest common factor of 6656 and 27248?
208
Calculate the highest common divisor of 951180 and 120.
60
What is the highest common factor of 167 and 4?
1
Calculate the highest common factor of 454 and 1693874.
454
What is the highest common factor of 3024 and 48?
48
What is the highest common factor of 80 and 113312?
16
What is the highest common factor of 15 and 223455?
15
Calculate the highest common factor of 1007881 and 1876.
469
Calculate the highest common factor of 69 and 61479.
69
Calculate the greatest common factor of 47 and 2020.
1
What is the greatest common divisor of 19 and 128022?
19
Calculate the greatest common divisor of 32244 and 12.
12
What is the greatest common divisor of 12512 and 3404?
92
What is the highest common factor of 200 and 39640?
40
What is the greatest common divisor of 8708119 and 763?
763
What is the highest common factor of 1188 and 461916?
108
What is the greatest common factor of 39 